{"id":692,"date":"2025-01-22T15:56:52","date_gmt":"2025-01-22T18:56:52","guid":{"rendered":"https:\/\/fruttiveg.com.br\/?page_id=692"},"modified":"2025-02-21T10:57:56","modified_gmt":"2025-02-21T13:57:56","slug":"blog","status":"publish","type":"page","link":"https:\/\/fruttiveg.com.br\/?page_id=692","title":{"rendered":"BLOG"},"content":{"rendered":"\t\t<div data-elementor-type=\"wp-page\" data-elementor-id=\"692\" class=\"elementor elementor-692\">\n\t\t\t\t\t\t\t<div class=\"elementor-element elementor-element-7626f1eb e-flex e-con-boxed e-con e-parent\" data-id=\"7626f1eb\" data-element_type=\"container\" data-settings=\"{&quot;container_type&quot;:&quot;flex&quot;,&quot;content_width&quot;:&quot;boxed&quot;}\" data-core-v316-plus=\"true\">\n\t\t\t\t\t<div class=\"e-con-inner\">\n\t\t\t\t<div class=\"elementor-element elementor-element-58aa4f67 elementor-widget elementor-widget-image\" data-id=\"58aa4f67\" data-element_type=\"widget\" data-widget_type=\"image.default\">\n\t\t\t\t<div class=\"elementor-widget-container\">\n\t\t\t<style>\/*! elementor - v3.18.0 - 20-12-2023 *\/\n.elementor-widget-image{text-align:center}.elementor-widget-image a{display:inline-block}.elementor-widget-image a img[src$=\".svg\"]{width:48px}.elementor-widget-image img{vertical-align:middle;display:inline-block}<\/style>\t\t\t\t\t\t\t\t\t\t\t\t<img fetchpriority=\"high\" decoding=\"async\" width=\"604\" height=\"260\" src=\"https:\/\/fruttiveg.com.br\/wp-content\/uploads\/2023\/10\/vitaminaC.jpg\" class=\"attachment-large size-large wp-image-884\" alt=\"\" \/>\t\t\t\t\t\t\t\t\t\t\t\t\t\t\t<\/div>\n\t\t\t\t<\/div>\n\t\t\t\t\t<\/div>\n\t\t\t\t<\/div>\n\t\t<div class=\"elementor-element elementor-element-271aedb5 e-flex e-con-boxed e-con e-parent\" data-id=\"271aedb5\" data-element_type=\"container\" data-settings=\"{&quot;container_type&quot;:&quot;flex&quot;,&quot;content_width&quot;:&quot;boxed&quot;}\" data-core-v316-plus=\"true\">\n\t\t\t\t\t<div class=\"e-con-inner\">\n\t\t\t\t<div class=\"elementor-element elementor-element-6fad08a elementor-widget elementor-widget-text-editor\" data-id=\"6fad08a\" data-element_type=\"widget\" data-widget_type=\"text-editor.default\">\n\t\t\t\t<div class=\"elementor-widget-container\">\n\t\t\t<style>\/*! elementor - v3.18.0 - 20-12-2023 *\/\n.elementor-widget-text-editor.elementor-drop-cap-view-stacked .elementor-drop-cap{background-color:#69727d;color:#fff}.elementor-widget-text-editor.elementor-drop-cap-view-framed .elementor-drop-cap{color:#69727d;border:3px solid;background-color:transparent}.elementor-widget-text-editor:not(.elementor-drop-cap-view-default) .elementor-drop-cap{margin-top:8px}.elementor-widget-text-editor:not(.elementor-drop-cap-view-default) .elementor-drop-cap-letter{width:1em;height:1em}.elementor-widget-text-editor .elementor-drop-cap{float:left;text-align:center;line-height:1;font-size:50px}.elementor-widget-text-editor .elementor-drop-cap-letter{display:inline-block}<\/style>\t\t\t\t<p class=\"u-align-justify-lg u-align-justify-md u-align-justify-xl u-custom-font u-font-roboto u-text u-text-custom-color-5 u-text-1\">As frutas c\u00edtricas, principalmente a laranja, acerola e tangerina, fazem parte da dieta dos brasileiros. Al\u00e9m de serem importante fonte de vitaminas e fibras, as frutas e sucos c\u00edtricos s\u00e3o reconhecidos por conterem metab\u00f3litos secund\u00e1rios incluindo antioxidantes como o \u00e1cido asc\u00f3rbico que \u00e9 importante para a nutri\u00e7\u00e3o humana.\u00a0<\/p><p>Os antioxidantes s\u00e3o compostos qu\u00edmicos que podem prevenir ou diminuir os danos oxidativos de lip\u00eddios, prote\u00ednas e \u00e1cidos nucleicos causados por esp\u00e9cies de oxig\u00eanio reativo, que incluem os radicais livres, ou seja, os antioxidantes possuem capacidade de reagir com os radicais livres e assim restringir os efeitos mal\u00e9ficos ao organismo.<\/p><p class=\"u-align-justify-lg u-align-justify-md u-align-justify-sm u-align-justify-xl u-custom-font u-font-roboto u-text u-text-custom-color-5 u-text-2\">Os c\u00edtricos, assim como muitas frutas, s\u00e3o ricos em subst\u00e2ncias antioxidantes que ajudam a diminuir incid\u00eancia de doen\u00e7as degenerativas, como c\u00e2ncer, as doen\u00e7as cardiovasculares, inflama\u00e7\u00f5es, disfun\u00e7\u00f5es cerebrais e a retardar o envelhecimento precoce.\u00a0<\/p>\t\t\t\t\t\t<\/div>\n\t\t\t\t<\/div>\n\t\t\t\t\t<\/div>\n\t\t\t\t<\/div>\n\t\t<div class=\"elementor-element elementor-element-4301ad33 e-flex e-con-boxed e-con e-parent\" data-id=\"4301ad33\" data-element_type=\"container\" data-settings=\"{&quot;container_type&quot;:&quot;flex&quot;,&quot;content_width&quot;:&quot;boxed&quot;}\" data-core-v316-plus=\"true\">\n\t\t\t\t\t<div class=\"e-con-inner\">\n\t\t\t\t<div class=\"elementor-element elementor-element-6d01f075 elementor-widget elementor-widget-image\" data-id=\"6d01f075\" data-element_type=\"widget\" data-widget_type=\"image.default\">\n\t\t\t\t<div class=\"elementor-widget-container\">\n\t\t\t\t\t\t\t\t\t\t\t\t\t\t\t<img decoding=\"async\" width=\"604\" height=\"206\" src=\"https:\/\/fruttiveg.com.br\/wp-content\/uploads\/2023\/10\/CaracteristicaVC.jpg\" class=\"attachment-large size-large wp-image-883\" alt=\"\" \/>\t\t\t\t\t\t\t\t\t\t\t\t\t\t\t<\/div>\n\t\t\t\t<\/div>\n\t\t\t\t\t<\/div>\n\t\t\t\t<\/div>\n\t\t<div class=\"elementor-element elementor-element-16b9fb43 e-flex e-con-boxed e-con e-parent\" data-id=\"16b9fb43\" data-element_type=\"container\" data-settings=\"{&quot;container_type&quot;:&quot;flex&quot;,&quot;content_width&quot;:&quot;boxed&quot;}\" data-core-v316-plus=\"true\">\n\t\t\t\t\t<div class=\"e-con-inner\">\n\t\t\t\t<div class=\"elementor-element elementor-element-512d7c3 elementor-widget elementor-widget-text-editor\" data-id=\"512d7c3\" data-element_type=\"widget\" data-widget_type=\"text-editor.default\">\n\t\t\t\t<div class=\"elementor-widget-container\">\n\t\t\t\t\t\t\t<p>A vitamina C \u00e9 \u00a0hidrossol\u00favel e termol\u00e1bil ,\u00a0ou seja, \u00e9 sol\u00favel em \u00e1gua e n\u00e3o suporta grande varia\u00e7\u00e3o de temperatura. Por ser uma vitamina hidrossol\u00favel, o corpo n\u00e3o a armazena em quantidade adequada no nosso organismo, necessitando, assim, que o seu consumo seja di\u00e1rio.<br \/>Os \u00a0seres humanos s\u00e3o incapazes de sintetizar a vitamina C ,\u00a0sendo necess\u00e1rio, portanto, a ingest\u00e3o de alimentos que a contenham.\u00a0<\/p><p>Os antioxidantes s\u00e3o compostos qu\u00edmicos que podem prevenir ou diminuir os danos oxidativos de lip\u00eddios, prote\u00ednas e \u00e1cidos nucleicos causados por esp\u00e9cies de oxig\u00eanio reativo, que incluem os radicais livres, ou seja, os antioxidantes possuem capacidade de reagir com os radicais livres e assim restringir os efeitos mal\u00e9ficos ao organismo.<\/p><p class=\"u-align-justify-lg u-align-justify-md u-align-justify-sm u-align-justify-xl u-custom-font u-font-roboto u-text u-text-custom-color-5 u-text-2\">Os c\u00edtricos, assim como muitas frutas, s\u00e3o ricos em subst\u00e2ncias antioxidantes que ajudam a diminuir incid\u00eancia de doen\u00e7as degenerativas, como c\u00e2ncer, as doen\u00e7as cardiovasculares, inflama\u00e7\u00f5es, disfun\u00e7\u00f5es cerebrais e a retardar o envelhecimento precoce.\u00a0<\/p>\t\t\t\t\t\t<\/div>\n\t\t\t\t<\/div>\n\t\t\t\t\t<\/div>\n\t\t\t\t<\/div>\n\t\t<div class=\"elementor-element elementor-element-3834cb6 e-flex e-con-boxed e-con e-parent\" data-id=\"3834cb6\" data-element_type=\"container\" data-settings=\"{&quot;container_type&quot;:&quot;flex&quot;,&quot;content_width&quot;:&quot;boxed&quot;}\" data-core-v316-plus=\"true\">\n\t\t\t\t\t<div class=\"e-con-inner\">\n\t\t\t\t<div class=\"elementor-element elementor-element-b245a82 elementor-widget elementor-widget-text-editor\" data-id=\"b245a82\" data-element_type=\"widget\" data-widget_type=\"text-editor.default\">\n\t\t\t\t<div class=\"elementor-widget-container\">\n\t\t\t\t\t\t\t<h1 class=\"u-align-left u-custom-font u-font-merriweather u-text u-text-custom-color-5 u-text-default-lg u-text-default-md u-text-default-xl u-text-2\" style=\"font-size: 3rem; margin-top: 23px; margin-right: auto; margin-bottom: 0px; line-height: 1.1; font-weight: bold; display: table; align-self: flex-start; position: relative; overflow-wrap: break-word; padding: 0px; color: #223d41 !important; font-family: Merriweather, serif !important;\">Alimentos ricos em Vitamina C<\/h1><h2 class=\"u-align-left u-custom-font u-font-roboto u-subtitle u-text u-text-custom-color-5 u-text-3\" style=\"margin-top: 17px; margin-bottom: 0px; line-height: 1.1; font-size: 1.25rem; position: relative; overflow-wrap: break-word; padding: 0px; color: #223d41 !important; font-family: Roboto, sans-serif !important;\">A vitamina C \u00e9 encontrada em diversos alimentos, entretanto, sua maior quantidade \u00e9 observada em\u00a0 frutos,\u00a0em especial:\u00a0<\/h2><div class=\"u-container-style u-group u-group-1\" style=\"position: relative; display: flex; width: 299px; min-height: 192px; margin: 17px auto 0px; color: #111111; font-family: 'Open Sans', sans-serif; font-size: 16px;\"><div class=\"u-container-layout u-valign-middle-md u-valign-middle-sm u-valign-middle-xs\" style=\"position: relative; flex: 1 1 0%; max-width: 100%; transition-duration: inherit;\"><ul class=\"u-align-center u-custom-font u-custom-list u-font-merriweather u-text u-text-custom-color-5 u-text-default u-text-4\" style=\"padding-left: 0px; display: table; align-self: flex-start; position: relative; overflow-wrap: break-word; list-style-type: none; margin-top: 0px; margin-right: auto; margin-bottom: 0px; font-size: 1.25rem; font-weight: bold; color: #223d41 !important; font-family: Merriweather, serif !important;\"><li style=\"position: relative; margin-left: 1.4em;\"><div class=\"class u-list-icon\" style=\"display: inline-block; position: absolute; width: 1em; min-height: 1em; height: auto; left: -1.5em; fill: currentcolor; text-align: center;\"><div class=\"u-svg-content\" style=\"width: 1em; height: 1em; display: inline-block; position: relative; margin: -0.8em; font-size: 0.8em; vertical-align: middle; line-height: 0.9;\">\u2013<\/div><\/div>Abacaxi\u00a0<\/li><li style=\"position: relative; margin-left: 1.4em;\"><div class=\"class u-list-icon\" style=\"display: inline-block; position: absolute; width: 1em; min-height: 1em; height: auto; left: -1.5em; fill: currentcolor; text-align: center;\"><div class=\"u-svg-content\" style=\"width: 1em; height: 1em; display: inline-block; position: relative; margin: -0.8em; font-size: 0.8em; vertical-align: middle; line-height: 0.9;\">\u2013<\/div><\/div>Acerola\u00a0<\/li><li style=\"position: relative; margin-left: 1.4em;\"><div class=\"class u-list-icon\" style=\"display: inline-block; position: absolute; width: 1em; min-height: 1em; height: auto; left: -1.5em; fill: currentcolor; text-align: center;\"><div class=\"u-svg-content\" style=\"width: 1em; height: 1em; display: inline-block; position: relative; margin: -0.8em; font-size: 0.8em; vertical-align: middle; line-height: 0.9;\">\u2013<\/div><\/div>Ameixa\u00a0<\/li><li style=\"position: relative; margin-left: 1.4em;\"><div class=\"class u-list-icon\" style=\"display: inline-block; position: absolute; width: 1em; min-height: 1em; height: auto; left: -1.5em; fill: currentcolor; text-align: center;\"><div class=\"u-svg-content\" style=\"width: 1em; height: 1em; display: inline-block; position: relative; margin: -0.8em; font-size: 0.8em; vertical-align: middle; line-height: 0.9;\">\u2013<\/div><\/div>Amora\u00a0<\/li><li style=\"position: relative; margin-left: 1.4em;\"><div class=\"class u-list-icon\" style=\"display: inline-block; position: absolute; width: 1em; min-height: 1em; height: auto; left: -1.5em; fill: currentcolor; text-align: center;\"><div class=\"u-svg-content\" style=\"width: 1em; height: 1em; display: inline-block; position: relative; margin: -0.8em; font-size: 0.8em; vertical-align: middle; line-height: 0.9;\">\u2013<\/div><\/div>Amora\u00a0<\/li><li style=\"position: relative; margin-left: 1.4em; margin-bottom: 0px;\"><div class=\"class u-list-icon\" style=\"display: inline-block; position: absolute; width: 1em; min-height: 1em; height: auto; left: -1.5em; fill: currentcolor; text-align: center;\"><div class=\"u-svg-content\" style=\"width: 1em; height: 1em; display: inline-block; position: relative; margin: -0.8em; font-size: 0.8em; vertical-align: middle; line-height: 0.9;\">\u2013<\/div><\/div>Caj\u00fa\u00a0<\/li><\/ul><ul class=\"u-align-center u-custom-font u-custom-list u-font-merriweather u-text u-text-custom-color-5 u-text-default u-text-5\" style=\"padding-left: 0px; display: table; align-self: flex-start; position: relative; overflow-wrap: break-word; list-style-type: none; margin-top: -192px; margin-bottom: 0px; margin-left: auto; font-size: 1.25rem; font-weight: bold; color: #223d41 !important; font-family: Merriweather, serif !important;\"><li style=\"position: relative; margin-left: 1.4em;\"><div class=\"u-list-icon\" style=\"display: inline-block; position: absolute; width: 1em; min-height: 1em; height: auto; left: -1.5em; fill: currentcolor; text-align: center;\"><div class=\"u-svg-content\" style=\"width: 1em; height: 1em; display: inline-block; position: relative; margin: -0.8em; font-size: 0.8em; vertical-align: middle; line-height: 0.9;\">\u2013<\/div><\/div>Kiwi<\/li><li style=\"position: relative; margin-left: 1.4em;\"><div class=\"u-list-icon\" style=\"display: inline-block; position: absolute; width: 1em; min-height: 1em; height: auto; left: -1.5em; fill: currentcolor; text-align: center;\"><div class=\"u-svg-content\" style=\"width: 1em; height: 1em; display: inline-block; position: relative; margin: -0.8em; font-size: 0.8em; vertical-align: middle; line-height: 0.9;\">\u2013<\/div><\/div>Laranja<\/li><li style=\"position: relative; margin-left: 1.4em;\"><div class=\"u-list-icon\" style=\"display: inline-block; position: absolute; width: 1em; min-height: 1em; height: auto; left: -1.5em; fill: currentcolor; text-align: center;\"><div class=\"u-svg-content\" style=\"width: 1em; height: 1em; display: inline-block; position: relative; margin: -0.8em; font-size: 0.8em; vertical-align: middle; line-height: 0.9;\">\u2013<\/div><\/div>Lim\u00e3o<\/li><li style=\"position: relative; margin-left: 1.4em;\"><div class=\"u-list-icon\" style=\"display: inline-block; position: absolute; width: 1em; min-height: 1em; height: auto; left: -1.5em; fill: currentcolor; text-align: center;\"><div class=\"u-svg-content\" style=\"width: 1em; height: 1em; display: inline-block; position: relative; margin: -0.8em; font-size: 0.8em; vertical-align: middle; line-height: 0.9;\">\u2013<\/div><\/div>Maracuj\u00e1<\/li><li style=\"position: relative; margin-left: 1.4em;\"><div class=\"u-list-icon\" style=\"display: inline-block; position: absolute; width: 1em; min-height: 1em; height: auto; left: -1.5em; fill: currentcolor; text-align: center;\"><div class=\"u-svg-content\" style=\"width: 1em; height: 1em; display: inline-block; position: relative; margin: -0.8em; font-size: 0.8em; vertical-align: middle; line-height: 0.9;\">\u2013<\/div><\/div>Morango<\/li><li style=\"position: relative; margin-left: 1.4em; margin-bottom: 0px;\"><div class=\"u-list-icon\" style=\"display: inline-block; position: absolute; width: 1em; min-height: 1em; height: auto; left: -1.5em; fill: currentcolor; text-align: center;\"><div class=\"u-svg-content\" style=\"width: 1em; height: 1em; display: inline-block; position: relative; margin: -0.8em; font-size: 0.8em; vertical-align: middle; line-height: 0.9;\">\u2013<\/div><\/div>Uva<\/li><\/ul><\/div><\/div>\t\t\t\t\t\t<\/div>\n\t\t\t\t<\/div>\n\t\t\t\t\t<\/div>\n\t\t\t\t<\/div>\n\t\t<div class=\"elementor-element elementor-element-d0e26bf e-flex e-con-boxed e-con e-parent\" data-id=\"d0e26bf\" data-element_type=\"container\" data-settings=\"{&quot;container_type&quot;:&quot;flex&quot;,&quot;content_width&quot;:&quot;boxed&quot;}\" data-core-v316-plus=\"true\">\n\t\t\t\t\t<div class=\"e-con-inner\">\n\t\t<div class=\"elementor-element elementor-element-2c249c0 e-grid e-con-boxed e-con e-child\" data-id=\"2c249c0\" data-element_type=\"container\" data-settings=\"{&quot;container_type&quot;:&quot;grid&quot;,&quot;grid_columns_grid&quot;:{&quot;unit&quot;:&quot;fr&quot;,&quot;size&quot;:2,&quot;sizes&quot;:[]},&quot;grid_rows_grid&quot;:{&quot;unit&quot;:&quot;fr&quot;,&quot;size&quot;:1,&quot;sizes&quot;:[]},&quot;content_width&quot;:&quot;boxed&quot;,&quot;grid_outline&quot;:&quot;yes&quot;,&quot;grid_columns_grid_tablet&quot;:{&quot;unit&quot;:&quot;fr&quot;,&quot;size&quot;:&quot;&quot;,&quot;sizes&quot;:[]},&quot;grid_columns_grid_mobile&quot;:{&quot;unit&quot;:&quot;fr&quot;,&quot;size&quot;:1,&quot;sizes&quot;:[]},&quot;grid_rows_grid_tablet&quot;:{&quot;unit&quot;:&quot;fr&quot;,&quot;size&quot;:&quot;&quot;,&quot;sizes&quot;:[]},&quot;grid_rows_grid_mobile&quot;:{&quot;unit&quot;:&quot;fr&quot;,&quot;size&quot;:&quot;&quot;,&quot;sizes&quot;:[]},&quot;grid_auto_flow&quot;:&quot;row&quot;,&quot;grid_auto_flow_tablet&quot;:&quot;row&quot;,&quot;grid_auto_flow_mobile&quot;:&quot;row&quot;}\">\n\t\t\t\t\t<div class=\"e-con-inner\">\n\t\t\t\t<div class=\"elementor-element elementor-element-5a1485b elementor-widget elementor-widget-image\" data-id=\"5a1485b\" data-element_type=\"widget\" data-widget_type=\"image.default\">\n\t\t\t\t<div class=\"elementor-widget-container\">\n\t\t\t\t\t\t\t\t\t\t\t\t\t\t\t<img decoding=\"async\" width=\"561\" height=\"331\" src=\"https:\/\/fruttiveg.com.br\/wp-content\/uploads\/2023\/10\/acerolaEmPo.jpg\" class=\"attachment-large size-large wp-image-882\" alt=\"\" \/>\t\t\t\t\t\t\t\t\t\t\t\t\t\t\t<\/div>\n\t\t\t\t<\/div>\n\t\t\t\t<div class=\"elementor-element elementor-element-5ad1485 elementor-widget elementor-widget-text-editor\" data-id=\"5ad1485\" data-element_type=\"widget\" data-widget_type=\"text-editor.default\">\n\t\t\t\t<div class=\"elementor-widget-container\">\n\t\t\t\t\t\t\t<p><span style=\"color: #223d41; font-size: 20px; letter-spacing: 2px; text-align: justify;\">A FRUTTIVEG possui em seu cat\u00e1logo\u00a0<\/span><span class=\"u-text-custom-color-4\" style=\"font-size: 20px; letter-spacing: 2px; text-align: justify; font-weight: bold; color: #b76160 !important;\">Acerola em P\u00f3 Sol\u00favel padronizada com M\u00edn. 17% Vitamina C<\/span><span style=\"color: #223d41; font-size: 20px; letter-spacing: 2px; text-align: justify;\">, pronta para ser misturada com \u00e1gua, suco de frutas ou outros vegetais. Uma forma de adicionar os benef\u00edcios naturais dessa superfruta em formula\u00e7\u00f5es.<\/span><\/p>\t\t\t\t\t\t<\/div>\n\t\t\t\t<\/div>\n\t\t\t\t\t<\/div>\n\t\t\t\t<\/div>\n\t\t\t\t\t<\/div>\n\t\t\t\t<\/div>\n\t\t\t\t\t\t\t<\/div>\n\t\t","protected":false},"excerpt":{"rendered":"<p>As frutas c\u00edtricas, principalmente a laranja, acerola e tangerina, fazem parte da dieta dos brasileiros. Al\u00e9m de serem importante fonte de vitaminas e fibras, as frutas e sucos c\u00edtricos s\u00e3o reconhecidos por<a class=\"moretag\" href=\"https:\/\/fruttiveg.com.br\/?page_id=692\">Read More&#8230;<\/a><\/p>\n","protected":false},"author":1,"featured_media":0,"parent":0,"menu_order":3,"comment_status":"closed","ping_status":"closed","template":"","meta":{"footnotes":""},"class_list":["post-692","page","type-page","status-publish","hentry"],"_links":{"self":[{"href":"https:\/\/fruttiveg.com.br\/index.php?rest_route=\/wp\/v2\/pages\/692","targetHints":{"allow":["GET"]}}],"collection":[{"href":"https:\/\/fruttiveg.com.br\/index.php?rest_route=\/wp\/v2\/pages"}],"about":[{"href":"https:\/\/fruttiveg.com.br\/index.php?rest_route=\/wp\/v2\/types\/page"}],"author":[{"embeddable":true,"href":"https:\/\/fruttiveg.com.br\/index.php?rest_route=\/wp\/v2\/users\/1"}],"replies":[{"embeddable":true,"href":"https:\/\/fruttiveg.com.br\/index.php?rest_route=%2Fwp%2Fv2%2Fcomments&post=692"}],"version-history":[{"count":16,"href":"https:\/\/fruttiveg.com.br\/index.php?rest_route=\/wp\/v2\/pages\/692\/revisions"}],"predecessor-version":[{"id":1133,"href":"https:\/\/fruttiveg.com.br\/index.php?rest_route=\/wp\/v2\/pages\/692\/revisions\/1133"}],"wp:attachment":[{"href":"https:\/\/fruttiveg.com.br\/index.php?rest_route=%2Fwp%2Fv2%2Fmedia&parent=692"}],"curies":[{"name":"wp","href":"https:\/\/api.w.org\/{rel}","templated":true}]}}